*i + 10. Calculate p(k).
0
Let w(n) be the second derivative of -n**4/4 + 11*n**3/3 - 36*n**2 - 65*n - 8. Determine w(5).
-37
Let l(x) = -3*x + 92. Let d be 19 + 17/(102/84). What is l(d)?
-7
Let o(v) = v**3 + 6*v**2 + 3*v + 1. Let a(g) = -8*g - 40. Let f be a(-17). Suppose 3*l = 5*s - f, s - 96 = 3*l - 0*s. Let w = -38 - l. Determine o(w).
-17
Suppose -28 = -5*s - 4*d, -2 = -s - 2*d - 0*d. Suppose 0 = -2*u - s, -h = 2*u - 2 + 9. Let r(o) = o**3 - 18*o**3 - o**2 - o**3. Give r(h).
-19
Let s(m) = m**3 + 6*m**2 - 9*m - 15. Let w = -6122 - -6115. Calculate s(w).
-1
Let l = -1226113 + 1226113. Let a(u) be the second derivative of u**5/20 + u**4/12 + u**3/3 - 11*u**2/2 - u. Give a(l).
-11
Let d = -39934 + 39933. Let q(h) = 110*h + 105. Determine q(d).
-5
Let w(x) = x**3 - 2*x**2 + 2*x - 2. Let v be (4 + -16)*333/(-12). Let q = -331 + v. Give w(q).
2
Let g(v) = -v - 10. Let l(w) = -3*w + 27. Let q be l(9). Let t(r) = -r**3 - 3*r**2 + 2*r - 13. Let b be t(q). Calculate g(b).
3
Let f(u) = 9*u + 18 + 4*u**2 - 2*u**2 - 52*u**3 + 53*u**3. Calculate f(-3).
-18
Let c(l) be the first derivative of -l**6/180 - 3*l**5/20 - l**4/8 - l**3/3 - 111*l**2/2 + 83. Let d(k) be the third derivative of c(k). Calculate d(-9).
-3
Let m(v) be the first derivative of -5*v**2 + 9*v - 1094. Calculate m(-7).
79
Let r(b) = -3*b**2 + 6*b + 26. Suppose 0 = -4*g - 3*g - 12*g + 133. Give r(g).
-79
Let f(v) be the first derivative of v**2 - v + 1874. Suppose 7 = 5*p + 2. What is f(p)?
1
Let x(y) = -12*y - 33. Let w be x(-3). Let d(z) = -4*z**3 - z**w - 16 + 10 + 5*z**2 + 4*z**3 + 2. Calculate d(4).
12
Let a(p) = 2*p**2 - 6*p + 3*p**2 - 6*p**2 - 3. Suppose -l - 8 = 3*m, 5*l + 22 = 3*m - 0*m. Calculate a(l).
2
Let p(j) = -2*j**3 + 110*j**2 - 7. Let s be p(55). Let d(t) = t + 36. Give d(s).
29
Let v(q) be the second derivative of -5*q**2 - 1/6*q**3 + 0*q**4 + 99 + 1/20*q**5 + 2*q. Calculate v(0).
-10
Let s(q) be the third derivative of q**4/6 + 10*q**3 + 607*q**2. What is s(-14)?
4
Suppose 6*s - s = 0. Let a(g) = 3210*g - 1072*g - 1067*g - 1072*g. Give a(s).
0
Let h(r) = -5*r**3 + 14*r**2 + 2*r + 2. Let o(x) = x**3 - 2*x**2 - 1. Let a(z) = h(z) + 6*o(z). Suppose 11*j = 37*j - 78. Calculate a(j).
47
Let h(f) = -2*f**2 + 11*f - 63. Let w(z) = z**2 - 5*z + 30. Let p(d) = 7*h(d) + 15*w(d). What is p(-9)?
72
Let f(l) = 34*l**3 + 19*l**2 - 31*l + 71. Let b(i) = 29*i**3 + 19*i**2 - 32*i + 71. Let k(a) = 7*b(a) - 6*f(a). Give k(17).
3
Let n(w) be the first derivative of -w**4/4 + 7*w**3/3 + w**2/2 - 9*w + 14. Let m be (-9)/21 + 312/42. What is n(m)?
-2
Let b be 45/6 - 1246/(-356). Let s(g) = -6*g + 60. Give s(b).
-6
Let n(t) = -3*t + 93. Let l be 20 + 2/((-12)/(-66)). Calculate n(l).
0
Let j(p) = -23*p + 61. Let q(t) = 27*t - 70. Let x(o) = 7*j(o) + 6*q(o). What is x(-16)?
-9
Let u(a) = 2*a**3 + 20*a**2 - 34*a + 17. Let r(n) = -3*n**3 - 27*n**2 + 50*n - 25. Let g(v) = 5*r(v) + 7*u(v). Give g(7).
-20
Let c(u) be the third derivative of u**4/24 + u**3/3 - 2*u**2 - 8. Let h(w) = -14*w + 37. Let t be h(3). What is c(t)?
-3
Let k(o) = -2 + 9 - o + 0*o. Let r(p) = 2*p**3 - 18*p**2 - 34*p - 91. Let i be r(11). Determine k(i).
-12
Let n(s) = -56*s - 654. Let o(i) = -41*i - 654. Let r(j) = 2*n(j) - 3*o(j). Give r(-59).
5
Suppose 4*i + 2 = 6*o - 11*o, 4*o + 14 = 3*i. Let c(k) = 1 - 5*k - 6 + 0 + 0*k**2 - k**2 - k**i. What is c(-4)?
-17
Let u(v) = 6*v**2 - 5*v - 3. Let a = 19 + -16. Let j(y) = 0*y - 17*y**2 - 4*y + 15*y + a*y + 9. Let w(f) = 4*j(f) + 11*u(f). Calculate w(4).
-25
Let t(r) = -r**3 - 7*r**2 + 14*r + 4. Let u(k) = -k**3 - 2*k**2 + 11*k - 8. Let m be u(0). Calculate t(m).
-44
Let a(s) = -s**3 + s**2 + 2*s + 33. Let j be 4/46 - (-44)/(-506). Determine a(j).
33
Let x(v) be the third derivative of v**4/12 + 2*v**3/3 - 7*v**2. Let t = 183 - 97. Let y = t - 94. Give x(y).
-12
Let m(x) be the first derivative of x**4/4 + 5*x**3/3 + 9*x**2/2 + 18*x + 308. Give m(-3).
9
Let r(x) = -8 - 65*x - x**3 - 2*x + 47*x + 10*x**2. Give r(7).
-1
Let n(f) = -5*f**2 + 5*f + 2. Let y(l) = -23 + 4*l + 9 + 7 + 9 - 4*l**2. Let s(i) = 5*n(i) - 6*y(i). Determine s(4).
-14
Let f(v) = 2*v**2 + 5*v + 2. Let i be f(-3). Let g be 80/45 - 12/(-54). Let y(p) = g*p**2 - 3*p**3 + 3*p**3 - p**3 + 3 - 5*p**2 + i*p. What is y(-4)?
-1
Suppose -k + 175 = 6*k. Let z = -25 + k. Suppose 4*a = 3*r - 29, -r = -z*r - 4*a - 15. Let q(o) = -o**2 + 7*o + 5. What is q(r)?
5
Let u(i) = 16*i + 19*i - 14*i + 14 - 19*i. Suppose 33*q = 30*q. Calculate u(q).
14
Let v(p) = -3*p - 5. Suppose -24*k - 200 = k. Let x be ((-3)/(48/20))/((-2)/k). What is v(x)?
10
Suppose 0 = -5*g + 25 - 5. Let z(m) be the third derivative of 5/24*m**4 + 0*m - 352*m**2 + 1/120*m**6 + 0 - 2/3*m**3 - 1/12*m**5. Give z(g).
0
Let m(l) = -l**3 - 13*l**2 + 15*l + 11. Let t = 2034 - 2048. Determine m(t).
-3
Let p(t) = t**2 + 15*t - 27. Let a be (-6)/(-3) - ((-50)/10 - -23). Determine p(a).
-11
Let h(i) be the third derivative of 0 - 43*i**2 + 1/120*i**6 - 1/8*i**4 + 1/12*i**5 - 1/2*i**3 + 0*i. Calculate h(-5).
12
Let z = -5051 - -5058. Let p(v) be the second derivative of 0 + v**3 + 5*v + 3/2*v**2 - 1/12*v**4. Give p(z).
-4
Let d(p) be the third derivative of 19*p**4/8 - 581*p**3/6 + 89*p**2. Determine d(10).
-11
Let q = -1331 + 1321. Let j(r) = r**2 + 13*r - 8. Calculate j(q).
-38
Let l(n) = 2*n**2 - 2*n - 12. Suppose 5*k + 5*s = 30, 18*k + 2*s = 28*k - 48. Determine l(k).
28
Let s be 12/20*5*-1. Let f be (s - -2 - 0)*(-1 + 2). Let b(q) = -28*q**3 - q**2 - q. What is b(f)?
28
Let j(r) = r**3 + 13*r**2 + 25*r + 31. Suppose -3*z - 2*o = 33, -12*z + 5*o - 132 = o. Give j(z).
-2
Let b(r) = 2*r**2 - 1. Let l(p) = 11*p**2 + 16*p + 61. Let t(m) = -5*b(m) + l(m). Give t(-11).
11
Let r be (1 - (-6)/(-3))*0. Let i(o) = 1798*o - 3568*o + o**2 + 1769*o + 17. What is i(r)?
17
Let w(r) = -r**2 - 8*r - 2. Let z be w(-8). Let y(a) = 4*a - 6085*a**2 + a**3 + 3 + 12271*a**2 - 6183*a**2. Give y(z).
-1
Suppose 0 = -5*q - 2*w + 10, 0 = 4*q + 2*w + 10 - 18. Let c(u) = u**3 - 2*u**2 - 1. Determine c(q).
-1
Suppose 30*h - 26*h = 100. Suppose 4*k - h = -5*g + 3, -4*k + 28 = -4*g. Suppose -k*d = -15 - 6. Let i(o) = -3*o - 3. Give i(d).
-12
Let m(b) be the third derivative of -b**8/2880 - b**6/720 + b**5/30 + 2*b**2. Let t(p) be the third derivative of m(p). Let g = -19340 - -19339. Determine t(g).
-8
Let n = 38 - 36. Let p(m) = 4*m + 6 - 22*m + 14*m - m**n. Let c be p(-6). Let f(x) = -x**2 - 5*x + 3. Give f(c).
-3
Let y = -52 + 54. Suppose 18 = -y*h + 3*h + n, n = 2*h - 36. Let o = h + -15. Let i(b) = -b**2 + 3*b. What is i(o)?
0
Let m = -117 - -122. Let f = 13 - m. Let u(i) = -6 - 5 + i + 4. Calculate u(f).
1
Suppose -80 = -5*w - 5*v, -7 = -4*w + v + 37. Suppose 7*q + 30 + w = 0. Let i(f) = -f**3 - 5*f**2 + 7*f + 1. What is i(q)?
-5
Let m = 49 - 44. Let r(z) be the third derivative of -z**4/24 + 5*z**3/3 + 848*z**2. Calculate r(m).
5
Let i(u) = 13*u + 9. Let g(c) be the third derivative of 5*c**4/24 + c**3/2 + 16*c**2. Let t(d) = 8*g(d) - 3*i(d). Give t(4).
1
Let g(t) = -t**2 - 10*t - 4. Let y = 181 + -439. Let z = y + 250. Calculate g(z).
12
Suppose -3396*f + 360 = -6746*f + 3380*f. Let z(t) be the third derivative of t**4/24 - 2*t**3 - t**2. What is z(f)?
0
Let y(z) = -z**3 - 6*z**2 - 8*z - 11. Let a = -5672 + 5667. Determine y(a).
4
Let x(d) = 12*d - 34. Let a(q) = 25*q - 56. Let z(p) = 3*a(p) - 5*x(p). Determine z(-2).
-28
Let r(g) be the third derivative of -g**5/60 - g**4/3 + 19*g**3/6 - 3549*g**2. What is r(-10)?
-1
Let v = 47 - 42. Let s(y) = -6*y - 4*y**2 + 2 - 1 + 6 + 5*y**2. Calculate s(v).
2
Let o(b) = b**3 - 9*b**2 - 2*b - 73. Let y be o(10). Let g(v) = -y - v + 2 + 9 - 2 - 1. Let a(z) = z. Let p be a(6). What is g(p)?
-5
Suppose -186 = -4*o + 190. Let t = o + -86. Let k(l) = -4*l**2 + 5 - 4 + 3 - t + l - l**3. Calculate k(-4).
-8
Let p(k) = -k**3 + 11*k**2 - k + 11. Let y(l) = 5*l**3 + 5*l**2 + 2*l - 1. Let o be y(1). Give p(o).
0
Let z(g) be the second derivative of g**4/3 + g**3/3 - g**2 - 2*g - 468. Let u = -10 - -7. Determine z(u).
28
Let o(h) = h - 42. Let t be (-4 - 1) + (-55)/(-11). Determine o(t).
-42
Let g be ((-7)/28)/((-3)/1116). Let j = g - 100. Let x(r) = -r**3 - 6*r**2 + 9*r - 3. Give x(j).
-17
Let o(f) = -34*f**2 + f - 1. Suppose 4*p + 0*p + 4510 = 5*c, -3*c - 2*p + 26